{"version":"1.0","type":"rich","provider_name":"Oniris Productions","provider_url":"https:\/\/www.onirisproductions.com\/oniris","title":"Le M\u00e9morial des journalistes","author_name":"acaton","width":"480","height":"295","url":"http:\/\/onirisproductions.com\/Le-Memorial-des-journalistes.html","html":"\u003Ch4 class='title'\u003E\u003Ca href='http:\/\/onirisproductions.com\/Le-Memorial-des-journalistes.html'\u003ELe M\u00e9morial des journalistes\u003C\/a\u003E\u003C\/h4\u003E\u003Cblockquote class='spip'\u003E\n\u003Cp\u003ECr\u00e9ation du M\u00e9morial des Journalistes, qui recense les professionnels des m\u00e9dias assassin\u00e9s depuis 50 ans \n\u003Cbr class='autobr' \/\u003E\nEn partenariat avec Choc02.\u003C\/p\u003E\n\u003C\/blockquote\u003E\n"}

Le Mémorial des journalistes

<h4 class='title'><a href='http://onirisproductions.com/Le-Memorial-des-journalistes.html'>Le Mémorial des journalistes</a></h4><blockquote class='spip'>
<p>Création du Mémorial des Journalistes, qui recense les professionnels des médias assassinés depuis 50 ans 
<br class='autobr' />
En partenariat avec Choc02.</p>
</blockquote>
