{"version":"1.0","type":"rich","provider_name":"Oniris Productions","provider_url":"https:\/\/www.onirisproductions.com\/oniris","title":"Les invisibles - l&#8217;information","author_name":"","width":"480","height":"295","url":"https:\/\/www.onirisproductions.com\/Les-invisibles-l-information.html","html":"\u003Ch4 class='title'\u003E\u003Ca href='https:\/\/www.onirisproductions.com\/Les-invisibles-l-information.html'\u003ELes invisibles - l&#8217;information\u003C\/a\u003E\u003C\/h4\u003E\u003Cblockquote class='spip'\u003E\n\u003Cp\u003EProbl\u00e9matique&nbsp;: \n\u003Cbr class='autobr' \/\u003E\n\u2013 Accompagnement de de la troupe Les Invisibles dans la cr\u00e9ation d\u2019une oeuvre multim\u00e9dia projet\u00e9e une semaine \u00e0 Kyoto (Japon), sur les murs de l\u2019Institut Franco-Japonais du Kansai .  R\u00e9ponse d\u2019Oniris&nbsp;: \n\u003Cbr class='autobr' \/\u003E\n\u2013 Cr\u00e9ation d\u2019une \"fen\u00eatre de diffusion\", une application multim\u00e9dia affichant al\u00e9atoirement des vid\u00e9os, des sons, des images, des textes de couleur et de taille al\u00e9atoires, \u00e0 partir d\u2019un stock enrichi par les artistes\n\u003Cbr class='autobr' \/\u003E\n\u2013 Mise en place du syst\u00e8me pour enrichir la base de donn\u00e9es\u003C\/p\u003E\n\u003C\/blockquote\u003E\n"}

<h4 class='title'><a href='https://www.onirisproductions.com/Les-invisibles-l-information.html'>Les invisibles - l&#8217;information</a></h4><blockquote class='spip'>
<p>Problématique&nbsp;: 
<br class='autobr' />
– Accompagnement de de la troupe Les Invisibles dans la création d’une oeuvre multimédia projetée une semaine à Kyoto (Japon), sur les murs de l’Institut Franco-Japonais du Kansai .  Réponse d’Oniris&nbsp;: 
<br class='autobr' />
– Création d’une "fenêtre de diffusion", une application multimédia affichant aléatoirement des vidéos, des sons, des images, des textes de couleur et de taille aléatoires, à partir d’un stock enrichi par les artistes
<br class='autobr' />
– Mise en place du système pour enrichir la base de données</p>
</blockquote>
